Let r(u) = 15*u - 6. Suppose -168*n + 152*n = 32. Calculate r(n).
-36
Let r(q) = q**3 + 6*q**2 - 1. Suppose -6*b - 61 + 13 = 0. Let g be (-17 + -3)*(-2)/b. What is r(g)?
24
Let s(b) be the third derivative of -b**6/120 + 7*b**5/60 - b**4/12 + b**3/2 + 7*b**2 - 29*b. Determine s(6).
27
Let s = -76 + 85. Let i be -1 - ((-25)/7 + s/(-21)). Let b(d) = -i*d**2 + 1 - 84*d + 84*d. Give b(-1).
-2
Let n(x) = -x**3 - x**2 + 44*x + 5. Suppose 10*q + 20*b = 21*b + 65, 3*b + 39 = 4*q. What is n(q)?
17
Let m(p) = 8*p**2 - 25*p + 8. Let x(l) = l**2 - 11*l. Let f(h) = m(h) - 2*x(h). Calculate f(3).
53
Let k(z) = -z**2 - 9*z + 12. Let m be k(-10). Let a(l) = -l**2 - 1448 - m*l + 1446 + 6*l. Let p = 32 + -28. Determine a(p).
-2
Let y(b) = -b**3 - 12*b**2 + 13*b - 16. Suppose -5*c = 19*c + 215 + 97. Calculate y(c).
-16
Let n = 336 + -336. Let z(g) = -6*g**2 + 4*g**2 - 2 - g**3 + n + 2*g + 2*g**3. Calculate z(2).
2
Let y(m) = 4*m - 82. Suppose -23*r + 24*r - 54 = -3*c, 6*r - 20 = -2*c. Determine y(c).
-6
Let p(l) = -l**2 - 3 - 3*l**3 + 0*l**2 + 3*l + 4*l**3 + 0*l**3. Let c be (-19)/(209/66*-3). Give p(c).
7
Let w(y) = -y**2 - 5. Suppose 0 = 5*a, -a + 56 = 2*h + 2*a. Suppose 2*o - 7*o - 2*q + 26 = 0, 0 = 5*o + q - h. Calculate w(o).
-41
Let v(y) = -682*y + 1377*y - 698*y. Determine v(6).
-18
Let l(z) = 14 - 4*z - 13 + 15. Let g(j) be the third derivative of -11*j**4/24 + 47*j**3/6 + 2*j**2 + 337. Let u(q) = 3*g(q) - 8*l(q). Determine u(6).
7
Let o(y) = y**3 - 14*y**2 + 3*y + 10. Let h(s) = -s**2 + 28*s - 166. Let m be h(10). Give o(m).
52
Let r(t) = -4*t + 3. Let j be (5 - -1)/((-62)/(-31)). Determine r(j).
-9
Let x(k) be the second derivative of -k**3/6 + 2*k**2 + 17857*k. Let m be 0/(-2) + 5 + -3. Give x(m).
2
Let l be ((-1610)/15)/(-7) + (-3)/9. Let q be (2/9*l)/(16/240). Suppose -8*x = 2*x - q. Let s(h) = h**3 - 6*h**2 + 6*h + 4. Give s(x).
9
Let s(w) = -w**2 - 11*w + 7. Suppose -5*u + 2*b = -18, 0 = u - 22*b + 26*b - 8. Suppose 8 = -4*o, u*m + 4*o + 58 - 6 = 0. Give s(m).
7
Let g(f) = 5*f - 65. Let l(p) = -p**2 + 135. Let j be l(11). Calculate g(j).
5
Let v(d) = d**2 - 15*d - 22. Let z = -2382 - -2397. Determine v(z).
-22
Let b(m) = -9*m - 2*m**3 + m**3 + 662 + 8*m**2 - 1222 + 572. Determine b(7).
-2
Let v(g) = -g**2 - 4*g - 7. Let h = 602 + -598. Let u(s) = s. Let j(z) = h*u(z) - v(z). Let m(c) = -2*c**2 - 7*c - 4. Let y be m(-4). Calculate j(y).
7
Suppose -3*n = 63 - 168. Let b be 1/(-5) - (-357)/n. Let h(p) = -p**2 - 2*p - 1. Let q(m) = -3*m**2 + 5*m + 4. Let a(i) = -2*h(i) + q(i). What is a(b)?
-4
Let n = -19 - -16. Let z(b) be the third derivative of 9*b**2 + 0 + 1/6*b**4 + 0*b - 1/3*b**3. What is z(n)?
-14
Let z(y) = y**3 - y + 2. Let n(g) = -4*g**3 - g**2 + 7*g - 13. Let t(l) = -n(l) - 5*z(l). Let b(p) = -p**2 + 6*p + 18. Let a be b(8). Determine t(a).
-5
Let o(x) = -x**3 - 12*x**2 + 2*x + 28. Let a = 312 + -305. Let z(v) = -v**2 - 3*v + 58. Let y be z(a). Determine o(y).
4
Suppose 90*d = 47 - 587. Let m(w) = w**3 + 8*w**2 + 7*w + 32. Calculate m(d).
62
Let f(w) be the first derivative of 9*w**2/2 + 22*w + 4142. Determine f(-5).
-23
Suppose 0*p = p - s - 8, s - 16 = -5*p. Let m = -287 - -294. Let u(f) = 4 + f + 4 - m. Determine u(p).
5
Let b(m) = -2*m**3 + 25*m**2 + 15*m - 20. Let x = -4151 - -4164. Calculate b(x).
6
Let b(c) be the second derivative of c**5/20 + 7*c**4/12 - 7*c**3/3 - 15*c**2/2 + 4937*c. Give b(-6).
105
Let y(t) = t**2 - 16*t + 3. Let j(x) = -3*x - 1. Let n(c) = -23*c + 195. Let p(g) = -6*j(g) + n(g). Let z be p(37). What is y(z)?
3
Let k(m) = 58 - 25*m - 21 + m**2 - 3*m**2 - 11. Let o(s) = -s**2 - 13*s + 14. Let i(l) = 6*k(l) - 11*o(l). Suppose -5 = -2*g - 19. Give i(g).
2
Suppose 4*h - 4*k = -88, 3*k = -2*h + 7*k - 46. Let m = h - -26. Let l(u) = m*u - 6 - 14*u - 7*u**2 + 6*u**2. Give l(-9).
-6
Let i = -68 - -68. Suppose 2*j = i, 4*w = 4*j + 4 + 16. Let h(u) = -3*u + 1. Give h(w).
-14
Suppose 4*k - 2*k - 5*h = -14, k + h = 7. Suppose -k = 7*p + 25. Let g(c) = 0 - c**3 - 4 + 0*c**3 - 7*c + 0*c**3 - 6*c**2. Calculate g(p).
-8
Let o(x) = -7*x + 2. Suppose -16*m + 37 + 11 = 0. Suppose 0 = 2*s - m*u - 3, 2*s - 12 = 7*s - u. Calculate o(s).
23
Let p = -23914 - -23912. Let q(u) = 8*u**3 + 3*u**2 + 5*u + 4. Determine q(p).
-58
Let t(g) = -g**2 + 7*g - 9. Let x = -31 - -35. Suppose -4*n = n. Suppose x*b - 24 = -n. Determine t(b).
-3
Suppose -4*c + 12 = 0, 5*r - 3*c = c + 13. Suppose -r*z + 4 = -3*z. Let x(l) be the second derivative of -3*l**3/2 - l**2/2 + 3*l + 4. Determine x(z).
-19
Let r(z) = 11*z**3 + 23*z**2 - 28*z - 22. Let j(s) = 5*s**3 + 10*s**2 - 12*s - 11. Let m(t) = 7*j(t) - 3*r(t). Calculate m(0).
-11
Let s(h) = h + 25. Suppose 53*i = -i - 1174 - 338. Give s(i).
-3
Let s(t) = -t - 4. Let q(h) = 192 - 111 + 8*h - 74. Let b(f) = q(f) + 6*s(f). Suppose -3*r + 2*r + 12 = 0. Give b(r).
7
Let c(h) = 381*h**3 + 5 + 383*h**3 - 1141*h**3 - 4 + h + 378*h**3 - 4*h**2. Give c(-3).
-65
Let o(y) = 4*y - 55. Let a be 3 + (-26 - -13) - -27. Determine o(a).
13
Let k(c) be the third derivative of -c**6/120 + 7*c**5/60 - 7*c**4/24 - 439*c**2. Let p = 3 - 3. Suppose p = 5*t - g - 0*g - 35, 1 = -4*t - 5*g. Give k(t).
-6
Let y = 5013 - 5014. Let f(c) = 6*c + 1. Suppose 0*b + 3 = -v - b, 3*v + 13 = -5*b. Let d(o) = 1. Let z(r) = v*f(r) + y*d(r). Give z(2).
-14
Let n(r) = 4*r - 127. Let k be n(39). Let y(m) = -m**3 + 29*m**2 - 2*m + 63. Determine y(k).
5
Let h = -12 + 12. Let y(f) = 7*f - f**2 + 4 + 2*f**2 + h. Let t be 36/(-7) + (-95)/(-19) + 102/(-21). What is y(t)?
-6
Let z(l) be the third derivative of 0*l - 1/6*l**4 + 2/3*l**3 + 0 - 38*l**2 - 1/60*l**5. Suppose 0 = -v - 5*q - 1 - 0, 5*v + 4*q = -26. Give z(v).
-8
Let y(w) = -3 + 40*w - 29*w - 1. Let n(j) = 2 - 10 + 7 + 0. Let u(v) = -3*n(v) + y(v). Determine u(-2).
-23
Let b(d) = -d**2 - 3*d + 7 - 2 - 2*d. Let v = 97754 - 97759. Determine b(v).
5
Let y = 2 + -3. Let n(t) = -11*t**2 + 1699*t + 4. Let j(h) = 3*h**2 - 453*h - 1. Let o(a) = -15*j(a) - 4*n(a). Give o(y).
-1
Let o(c) = -2*c**3 - 30*c**2 + 48*c + 246. Let v be o(-16). Let p(t) = -7*t. Let j(r) = 8*r. Let f(z) = 6*j(z) + 7*p(z). What is f(v)?
10
Let b(k) be the second derivative of -k**3/6 + 9*k**2/2 - 2701*k. Let m(l) = l**2 + 9*l + 6. Let w be m(-7). Calculate b(w).
17
Let n be 1/(-14) - ((-861)/574)/(3*7). Let a(v) = v**3 - 5*v**2 - 4*v + 23. Let h(w) = -w**3 + 6*w**2 + 5*w - 24. Let g(t) = 5*a(t) + 4*h(t). Calculate g(n).
19
Let b(v) be the first derivative of v**3/3 - 3*v**2 - 4*v + 2222. Let y = -4 - -13. Give b(y).
23
Let o(p) = 6*p - 6. Let s = 8304 - 8303. Calculate o(s).
0
Let c(y) = 70*y**2 - 67*y - 13. Let k(z) = -32*z**2 + 34*z + 7. Let j(f) = 5*c(f) + 11*k(f). What is j(20)?
-8
Let d(f) be the first derivative of f**2 - 6*f + 46. Let p = -17 + 20. Let w be (p/6*-9)/((-1)/2). Calculate d(w).
12
Let n(q) = 11*q**3 + 3*q**2 - q - 6. Let u(i) = -3*i**3 + i + 1. Let r(z) = n(z) + 4*u(z). Let v(t) = -t**2 + 12*t + 4. Let s be v(12). Calculate r(s).
-6
Let y(w) = 6*w - 1. Let r be y(1). Let p(h) = -h**2 + 2*h**2 - 6 + 2 + r*h - 3*h. Suppose -2*m + 10 = 2*s + 4, s + 4*m - 3 = 0. Give p(s).
11
Let t be 0 + (2 - (1 + -2)). Suppose -16 = -5*i - h + 2*h, -18 = -5*i + t*h. Let n(a) = -a + 3*a - i*a. Determine n(-6).
6
Let x(h) be the third derivative of -h**6/120 + h**5/30 + h**4/24 + h**2. Let d = 222 - 221. Let l be x(d). Let r(o) = -o**2 + 2. Determine r(l).
-2
Let c(j) = 3*j**3 - 7 + 8*j**2 - 30*j - 2*j**3 - 24*j**2 + 58*j. Let b be c(14). Let q(t) = 3*t**2 - t**2 + 9*t - t**2 + 6. Give q(b).
-8
Let v(p) = -18*p + 70. Let x be (-1794)/(-546) - 5/(-7). Determine v(x).
-2
Suppose -427 = -24*b - 19. Let q(r) = 2*r - 17*r**2 - r**3 + b*r**2 - 173 + 178. What is q(3)?
-16
Let h(z) = -174*z - 7*z**2 - 1 + 157*z + z**2 + 0*z**3 + z**3. Give h(8).
-9
Let c(j) = 25*j**2 + 2*j**3 + 2*j**3 - 3*j**3 - 21*j**2 + 81 - 12*j**2 - 19*j. What is c(9)?
-9
Let y(n) = 69 - 23 + 7*n + 147 - 76. Calculate y(-14).
19
Let l(j) = -2*j + 59. Let f be l(14). Suppose -4*p - 20 = -80. Let b(o) = 4*o - p - 6 - 13 + f. Give b(4).
13
Let y = 567 + -573. Let x(w) = -7*w**2 + 11*w**2 - 3*w**2 - 5*w - 3 - 2*w**2. What is x(y)?
-9
Suppose -50 + 35 = -3*w + 2*g, g = -3. Let d(x) = -x. Calculate d(w).
-3
Let t(w) = w**2 - 8*w + w + 43 - 19 - 176 + 59. Determine t(14).